{"id":321,"date":"2021-01-23T12:08:37","date_gmt":"2021-01-23T09:08:37","guid":{"rendered":"https:\/\/fiddmark.ro\/magazin\/?page_id=321"},"modified":"2021-06-06T10:12:40","modified_gmt":"2021-06-06T07:12:40","slug":"abonamente-si-preturi","status":"publish","type":"page","link":"https:\/\/fiddmark.ro\/magazin\/abonamente-si-preturi\/","title":{"rendered":"Abonamente si preturi"},"content":{"rendered":"<p>[vc_row][vc_column][vc_custom_heading text=&#8221;Oferta Fiddmark pentru angajatori&#8221; font_container=&#8221;tag:h1|font_size:40|text_align:center&#8221; use_theme_fonts=&#8221;yes&#8221;][vc_custom_heading text=&#8221;Card de reduceri &#8211; solu\u021bii de motivare pentru salaria\u021bi&#8221; font_container=&#8221;tag:h2|font_size:25|text_align:center&#8221; use_theme_fonts=&#8221;yes&#8221;][vc_column_text css=&#8221;.vc_custom_1611400617547{margin-bottom: 30px !important;}&#8221;]Selecteaz\u0103 din tabelul de mai jos oferta care te avantajeaz\u0103, \u00een func\u021bie de m\u0103rimea societ\u0103\u021bii \u0219i num\u0103rul maxim de persoane c\u0103rora dore\u0219ti s\u0103 le oferi acces la reducerile noastre. Opteaz\u0103 pentru o singur\u0103 plat\u0103 pentru tot anul sau pentru plata lunar\u0103 a serviciilor.[\/vc_column_text][\/vc_column][\/vc_row][vc_row el_class=&#8221;scroll-content-parent&#8221;][vc_column][vc_table allow_html=&#8221;1&#8243; el_class=&#8221;body-tabel&#8221;],%3Cspan%3ESmall%20Business%3C%2Fspan%3E,%3Cspan%3EMid%20Business%3C%2Fspan%3E,%3Cspan%3ELarge%20Business%3C%2Fspan%3E,%3Cspan%3ECorporate%3C%2Fspan%3E,%3Cspan%3EEnterprise%3C%2Fspan%3E|%3Cspan%3E1%3C%2Fspan%3E%20Num%C4%83r%20maxim%20utilizatori,P%C3%A2n%C4%83%20la%2020,P%C3%A2n%C4%83%20la%2050,P%C3%A2n%C4%83%20la%20100,P%C3%A2n%C4%83%20la%20500,Peste%20500|%3Cspan%3E2%3C%2Fspan%3E%20Acces%20nelimitat%20la%20oferte,DA,DA,DA,DA,DA|%3Cspan%3E3%3C%2Fspan%3E%20Card%20de%20plastic%20inclus,DA,DA,DA,DA,DA|%3Cspan%3E4%3C%2Fspan%3E%20Abonament%20lunar,82%20%E2%82%AC%20%2F%20lun%C4%83,205%20%E2%82%AC%20%2F%20lun%C4%83,410%20%E2%82%AC%20%2F%20lun%C4%83,2053%20%E2%82%AC%20%2F%20lun%C4%83,negociabil|%3Cspan%3E5%3C%2Fspan%3E%20Abonament%20anual%20(-10%25),887%20%E2%82%AC%20%2F%20an,2217%20%E2%82%AC%20%2F%20an,4435%20%E2%82%AC%20%2F%20an,negociabil,negociabil|%3Cspan%3E6%3C%2Fspan%3E%20Buyback%20carduri%20uzate%20%3Cimg%20src%3D%22https%3A%2F%2Ffiddmark.ro%2Fmagazin%2Fwp-content%2Fuploads%2F2021%2F01%2Ffrunza.png%22%20style%3D%22height%3A19px%3B%22%3E,-%201%E2%82%AC%20%2F%20card,-%201%E2%82%AC%20%2F%20card,-%201%E2%82%AC%20%2F%20card,-%201%E2%82%AC%20%2F%20card,-%201%E2%82%AC%20%2F%20card|Comand%C4%83,%3Ca%20href%3D%22https%3A%2F%2Ffiddmark.ro%2Fmagazin%2Fformular-comanda-angajatori-pasul-1%2F%3Fabonament%3Dsmall%26plata%3Dlunara%22%20class%3D%22and-buton-oferta%22%3ECu%20plat%C4%83%20lunar%C4%83%3C%2Fa%3E,%3Ca%20href%3D%22https%3A%2F%2Ffiddmark.ro%2Fmagazin%2Fformular-comanda-angajatori-pasul-1%2F%3Fabonament%3Dmid%26plata%3Dlunara%22%20class%3D%22and-buton-oferta%22%3ECu%20plat%C4%83%20lunar%C4%83%3C%2Fa%3E,%3Ca%20href%3D%22https%3A%2F%2Ffiddmark.ro%2Fmagazin%2Fformular-comanda-angajatori-pasul-1%2F%3Fabonament%3Dlarge%26plata%3Dlunara%22%20class%3D%22and-buton-oferta%22%3ECu%20plat%C4%83%20lunar%C4%83%3C%2Fa%3E,%3Ca%20href%3D%22https%3A%2F%2Ffiddmark.ro%2Fmagazin%2Fformular-comanda-angajatori-pasul-1%2F%3Fabonament%3Dcorporate%26plata%3Dlunara%22%20class%3D%22and-buton-oferta%22%3ECu%20plat%C4%83%20lunar%C4%83%3C%2Fa%3E,%3Ca%20href%3D%22https%3A%2F%2Ffiddmark.ro%2Fmagazin%2Fformular-comanda-angajatori-pasul-1%2F%3Fabonament%3Denterprise%26plata%3Dlunara%22%20class%3D%22and-buton-oferta%22%3ECu%20plat%C4%83%20lunar%C4%83%3C%2Fa%3E|Comand%C4%83,%3Ca%20href%3D%22https%3A%2F%2Ffiddmark.ro%2Fmagazin%2Fformular-comanda-angajatori-pasul-1%2F%3Fabonament%3Dsmall%26plata%3Danuala%22%20class%3D%22and-buton-oferta%22%3ECu%20plat%C4%83%20anual%C4%83%3C%2Fa%3E,%3Ca%20href%3D%22https%3A%2F%2Ffiddmark.ro%2Fmagazin%2Fformular-comanda-angajatori-pasul-1%2F%3Fabonament%3Dmid%26plata%3Danuala%22%20class%3D%22and-buton-oferta%22%3ECu%20plat%C4%83%20anual%C4%83%3C%2Fa%3E,%3Ca%20href%3D%22https%3A%2F%2Ffiddmark.ro%2Fmagazin%2Fformular-comanda-angajatori-pasul-1%2F%3Fabonament%3Dlarge%26plata%3Danuala%22%20class%3D%22and-buton-oferta%22%3ECu%20plat%C4%83%20anual%C4%83%3C%2Fa%3E,%3Ca%20href%3D%22https%3A%2F%2Ffiddmark.ro%2Fmagazin%2Fformular-comanda-angajatori-pasul-1%2F%3Fabonament%3Dcorporate%26plata%3Danuala%22%20class%3D%22and-buton-oferta%22%3ECu%20plat%C4%83%20anual%C4%83%3C%2Fa%3E,%3Ca%20href%3D%22https%3A%2F%2Ffiddmark.ro%2Fmagazin%2Fformular-comanda-angajatori-pasul-1%2F%3Fabonament%3Denterprise%26plata%3Danuala%22%20class%3D%22and-buton-oferta%22%3ECu%20plat%C4%83%20anual%C4%83%3C%2Fa%3E[\/vc_table][\/vc_column][\/vc_row][vc_row][vc_column][vc_custom_heading text=&#8221;Oferta din tabel detaliat\u0103&#8221; font_container=&#8221;tag:h2|font_size:25|text_align:center&#8221; use_theme_fonts=&#8221;yes&#8221;][vc_column_text]<\/p>\n<ol>\n<li>Num\u0103rul maxim de persoane care primesc acces la \u00eentreaga noastr\u0103 re\u021bea de beneficii, specific fiec\u0103rui tip de abonament \u00een parte.<\/li>\n<li>Ca regul\u0103 general aplicabil\u0103, fiecare utilizator poate solicita bunuri \u0219i servicii cu discount conform ofertelor afi\u0219ate pe site, \u00een perioada de valabilitate, ori de c\u00e2te ori dore\u0219te, de la acela\u0219i partener comercial sau de la mai mul\u021bi, f\u0103r\u0103 s\u0103 existe o limit\u0103 de revenire. <strong>Excep\u021bie de la regul\u0103 fac acei parteneri comerciali <\/strong><strong>care impun contractual limite de revenire sau acele achizi\u021bii unde revenirea nu se preteaz\u0103 (Ex: \u0219coal\u0103 de \u0219oferi, curs de php etc)<\/strong>.<br \/>\nAcolo unde este cazul, aceste informa\u021bii sunt detaliate \u00een <a href=\"https:\/\/fiddmark.ro\/parteneri-comerciali\" target=\"_blank\" rel=\"noopener\">paginile de prezentare<\/a> ale partenerilor.<\/li>\n<li>Utilizatorii vor primi \u0219i carduri din plastic. Acestea nu au cip sau band\u0103 magnetic\u0103, nu stocheaz\u0103 informa\u021bii electronic ci au doar rol de &#8222;legitima\u021bie&#8221; ce poate fi prezentat\u0103 partenerilor comerciali atunci c\u00e2nd se solicit\u0103 reducerea. Fiecare card con\u021bine un num\u0103r unic de identificare, se \u00eenregistreaz\u0103 \u00een baza noastr\u0103 de date \u0219i doar titularul s\u0103u \u00eel poate folosi pentru a solicita beneficiile. Partenerii comerciali au dreptul s\u0103 refuze acordarea reducerilor \u00een cazul cardurilor inactive sau utilizate de altcineva \u00een afar\u0103 de titular.<\/li>\n<li>Se semneaz\u0103 contract pe 1 an, cu prelungire automat\u0103. Se va factura suma specific\u0103 fiec\u0103rui tip de abonament, lun\u0103 de lun\u0103 .<\/li>\n<li>Se semneaz\u0103 contract pe 1 an, cu prelungire automat\u0103. Se va achita la \u00eenceput \u00eentreaga sum\u0103. Economia estimat\u0103 este de aproximativ 10% \/ an fa\u021b\u0103 de abonamentele lunare.<\/li>\n<li>Societ\u0103\u021bile care accept\u0103 s\u0103 colecteze \u0219i s\u0103 restituie la finalul colabor\u0103rii cardurile uzate \u00een vederea recicl\u0103rii, primesc \u00eenapoi 1 \u20ac pentru<br \/>\nfiecare card restituit.<br \/>\n<strong>Not\u0103: Toate pre\u021burile afi\u0219ate \u00een euro se convertesc \u00een lei, la cursul BNR din ziua factur\u0103rii. Nu se aplic\u0103 TVA.<\/strong><\/li>\n<\/ol>\n<p>[\/vc_column_text][\/vc_column][\/vc_row]<\/p>\n","protected":false},"excerpt":{"rendered":"<p>[vc_row][vc_column][vc_custom_heading text=&#8221;Oferta Fiddmark pentru angajatori&#8221; font_container=&#8221;tag:h1|font_size:40|text_align:center&#8221; use_theme_fonts=&#8221;yes&#8221;][vc_custom_heading text=&#8221;Card de reduceri &#8211; solu\u021bii de motivare pentru salaria\u021bi&#8221; font_container=&#8221;tag:h2|font_size:25|text_align:center&#8221; use_theme_fonts=&#8221;yes&#8221;][vc_column_text css=&#8221;.vc_custom_1611400617547{margin-bottom: 30px !important;}&#8221;]Selecteaz\u0103 din tabelul de mai jos oferta care te avantajeaz\u0103, \u00een func\u021bie de m\u0103rimea societ\u0103\u021bii \u0219i num\u0103rul maxim de persoane c\u0103rora dore\u0219ti s\u0103 le oferi acces la reducerile noastre. Opteaz\u0103 pentru o singur\u0103 plat\u0103 pentru [&#8230;]<\/p>\n<p><a class=\"btn btn-default understrap-read-more-link\" href=\"https:\/\/fiddmark.ro\/magazin\/abonamente-si-preturi\/\">Read More&#8230;<\/a><\/p>\n","protected":false},"author":1,"featured_media":0,"parent":0,"menu_order":0,"comment_status":"closed","ping_status":"closed","template":"","meta":[],"_links":{"self":[{"href":"https:\/\/fiddmark.ro\/magazin\/wp-json\/wp\/v2\/pages\/321"}],"collection":[{"href":"https:\/\/fiddmark.ro\/magazin\/wp-json\/wp\/v2\/pages"}],"about":[{"href":"https:\/\/fiddmark.ro\/magazin\/wp-json\/wp\/v2\/types\/page"}],"author":[{"embeddable":true,"href":"https:\/\/fiddmark.ro\/magazin\/wp-json\/wp\/v2\/users\/1"}],"replies":[{"embeddable":true,"href":"https:\/\/fiddmark.ro\/magazin\/wp-json\/wp\/v2\/comments?post=321"}],"version-history":[{"count":33,"href":"https:\/\/fiddmark.ro\/magazin\/wp-json\/wp\/v2\/pages\/321\/revisions"}],"predecessor-version":[{"id":473,"href":"https:\/\/fiddmark.ro\/magazin\/wp-json\/wp\/v2\/pages\/321\/revisions\/473"}],"wp:attachment":[{"href":"https:\/\/fiddmark.ro\/magazin\/wp-json\/wp\/v2\/media?parent=321"}],"curies":[{"name":"wp","href":"https:\/\/api.w.org\/{rel}","templated":true}]}}